-11
Evaluate 20 + -22 - (3 + 5).
-10
What is 9 - 6 - (0 + 1) - -3?
5
1 - 9 - (-26 + 18)
0
What is the value of -1 + 0 + 3 - 4?
-2
1 - 0 - (5 + -3 - 3)
2
9 + (-4 - 6) + -1 + -3
-5
-7 - (8 + -1 + -6)
-8
Evaluate 5 - ((-5 + 5 - 1) + 1).
5
Evaluate -20 - -13 - (-10 - -2).
1
What is the value of (-3 - -6) + -7 + (1 - -5)?
2
Evaluate 3 + (-7 - -1) - 1.
-4
What is the value of -45 + 37 + 3 + 0?
-5
What is -30 + 24 + 0 + 2?
-4
-5 + (5 + 9 - 3) + -1
5
Evaluate (-10 + -3 - -12) + (-1 - -1).
-1
What is the value of 4 + 3 + 0 - 9?
-2
55 - 56 - (2 - (2 + 7))
6
Calculate 3 + -6 + 1 + 2 + 2.
2
7 - (17 - 12 - -10)
-8
What is the value of 6 + -10 + 2 + -1?
-3
7 + -3 + (-4 - 1) + 1
0
What is 6 + -3 + -3 + (-9 - -12)?
3
Evaluate -5 - (-2 - 4) - 4.
-3
What is the value of 13 + -12 - (-6 + 2)?
5
Calculate 15 + (-23 - 3) + 3.
-8
Evaluate 1 + -4 + -1 - -6.
2
What is (-2 + 5 - -2) + -11 + -2?
-8
Evaluate -2 + (1 - -2 - (7 + -1)).
-5
Evaluate 1 - (15 + -5) - -7.
-2
What is the value of 10 + (-6 - -3 - 5)?
2
Calculate 17 - 16 - (1 - (3 + -1)).
2
Calculate -4 + -2 - (8 + -8).
-6
What is -1 - -10 - (145 - 136)?
0
-2 + -3 + 8 + 2 + -14
-9
What is the value of (6 + -11 + 1 - -15) + -8?
3
What is 18 - (18 + -9) - 10?
-1
Evaluate 0 + -6 + (0 - -5 - 1).
-2
Calculate -11 - (-13 + (14 - 10)).
-2
What is the value of (-17 - -6) + 1 + 6?
-4
Calculate 2 + 1 + (-7 - (-6 + 5)).
-3
Calculate -3 - -2 - (4 - 9).
4
Calculate (-7 - -8 - 4) + (6 - -1).
4
Evaluate 1 + (-4 - -8) - (-2 - 1).
8
Evaluate 1 + -6 + (-2 - -15).
8
-2 - -13 - 5 - 5
1
3 - (7 - 5 - -3)
-2
What is 0 + -1 + 1 - (0 - -1)?
-1
Evaluate 2 + 2 + -2 + 0.
2
Evaluate (-5 - 4) + (9 - 4).
-4
What is 0 + -1 + -3 + -2?
-6
What is the value of (0 + 0 + -2 - -5) + -3?
0
What is -8 + 5 + 4 - -6?
7
Evaluate (16 - (18 + -10)) + (2 - -1).
11
What is the value of 9 + (-5 + 8 - 6)?
6
Evaluate -1 + 6 + (1 - -4 - 6).
4
What is the value of -5 - (-13 + 11 + -3)?
0
What is -8 + (-2 + 7 - (-7 + 10))?
-6
What is the value of -11 - -15 - (0 - 0)?
4
What is the value of (-22 - -21) + (-1 - -1) + -1?
-2
Evaluate (4 - 2) + 0 + 0.
2
Calculate (-1 - -9) + (4 + -12 - -1).
1
-2 + 2 + (5 - 2)
3
Evaluate 4 - 2 - 2 - (-8 - -11).
-3
Calculate (2 - (5 + -6 + 0)) + 0.
3
What is -3 - (-1 + 9 - 19)?
8
Evaluate 0 + (9 - 1 - 8).
0
Calculate (0 - 2) + 4 + -6.
-4
What is -1 - (-7 - -6 - 4)?
4
Calculate 0 - -1 - -3 - 1.
3
What is the value of -29 + 14 + 4 + 4 + -1?
-8
6 - (-10 + 20 + -4)
0
What is the value of 0 - 4 - (11 + -3 + -10)?
-2
What is 8 - 5 - 8 - (-1 + -10)?
6
Calculate 0 - (5 + (-5 + -1 - -1)).
0
Evaluate -6 + -4 + (13 - 3).
0
What is the value of -2 + (1 + -3 - (8 + -12))?
0
What is the value of 0 - (2 + -4 - 1) - 6?
-3
Evaluate -7 + (-5 - -3 - -11) - 5.
-3
What is 2 + 0 + -5 + 6?
3
Evaluate -8 - (5 + -4 - 4).
-5
Calculate 3 - (5 + -3 + 3).
-2
What is the value of 3 + -7 - 2 - -6?
0
What is -17 - -15 - (7 - 3)?
-6
(2 - 1) + 2 + -2 + 0
1
-3 + -1 + (-22 - -23)
-3
Calculate (3 - -1) + -5 + (-4 - -2).
-3
What is -3 + -4 + 5 + 1 + -3?
-4
What is the value of (-2 - 1) + -13 + 15?
-1
What is the value of 2 + (1 - 1 - -5)?
7
Calculate (-6 + 19 - 10) + (-2 - 3).
-2
0 - (2 + 4 + -2) - 1
-5
What is the value of -4 - (3 - (5 - 2))?
-4
What is the value of 3 - (0 - (-7 + 2))?
-2
0 + (-2 + 2 - 0)
0
Calculate -7 + -1 + 3 - (0 + -8).
3
Evaluate 2 + 0 + -2 - -5.
5
Calculate -3 - (-5 + 4 + 1 + -5).
2
Evaluate -4 - 1 - (-14 - -6 - -9).
-6
Calculate 7 - (18 + -17 - (2 + -5)).
3
Evaluate 1 + -11 + (25 - 14).
1
Calculate 1 + 2 - (19 - 16).
0
What is the value of -21 + 19 - (0 - -3)?
-5
Evaluate -5 + 6 + (-6 - -2) + 7.
4
-6 - ((-5 - -1) + -5 - -5)
-2
Calculate 0 + 3 - (-2 + (7 - 4)).
2
(-8 - (-1 + -3)) + 4
0
What is -1 + -3 + -8 + 4 + 4?
-4
Evaluate 3 + (-4 - -1) + 5.
5
(-15 - -3) + 2 - -6
-4
43 - 45 - (-14 - -3)
9
What is the value of 3 + (-3 - (-2 - -4)) + -2?
-4
What is (-1 - -1) + -9 + (3 - -4)?
-2
What is the value of 2 + 24 + -22 - (6 - -1)?
-3
-5 + -1 + 1 + (-2 - -13)
6
-9 + 7 + (-2 - 0)
-4
-12 - -12 - (1 + -1)
0
Evaluate 3 + (1 - 2) - (-20 + 25).
-3
-6 + 4 - (0 + -3) - 4
-3
-3 + (4 - 5 - 0)
-4
Calculate -15 + 10 - -7 - -6.
8
What is the value of -2 + 4 - (-6 - -13)?
-5
What is the value of 0 - -4 - 7 - 2?
-5
Evaluate -1 - -4 - 2 - (5 + 1).
-5
-40 - -42 - (-1 + 0 + 1)
2
Calculate 0 + -3 + 4 + 4.
5
What is 9 + 9 + -5 + (0 - 8)?
5
Evaluate -1 + (4 - 0) + -4.
-1
7 - (5 - 3) - (9 + -8)
4
Calculate -2 + 0 + 4 - (2 - 3).
3
Evaluate 1 + -2 - (-3 - -1) - 2.
-1
Calculate 8 - (14 - 13 - (-7 + 2)).
2
What is the value of -5 + 3 + 0 - 1?
-3
What is -6 + (3 - (9 + -9))?
-3
-4 + -5 - (0 + (1 - 8))
-2
(-12 + 6 - -2) + 7
3
(-1 + 11 - 3) + -8 + 3
2
Calculate -5 + 7 + -10 + 12.
4
Evaluate 10 - 1 - (9 - (1 + 3)).
4
Evaluate 6 + -1 - (17 + -8).
-4
What is 4 - (4 - 3 - 4) - 3?
4
-13 + 7 - -11 - 3
2
Evaluate -12 + 25 + -13 + -4 + 2.
-2
2 + 0 - (-2 + 4)
0
-2 - (1 - -3) - (6 + -6)
-6
Evaluate 5 + (15 - 15) + (1 - 0).
6
Evaluate -4 + 4 - (4 + -19 + 7).
8
What is 0 + (2 - (3 - -3))?
-4
What is ((-1 - -3) + 1 - -1) + -3?
1
What is the value of 2 - ((5 - (7 - -4)) + 4)?
4
Evaluate (10 - (-3 - -8)) + -1 - 4.
0
-43 + 43 - (-3 + -1)
4
Evaluate 5 + (2 + 1 - -2) + -12.
-2
Evaluate (7 - -2) + -3 + -11 + 3.
-2
Evaluate -4 + (4 - -2) + -1.
1
Calculate -1 + 1 + 5 + -9.
-4
Calculate -14 - (-1 + -2 - (-28 - -32)).
-7
-10 + 7 + (6 - 1)
2
Calculate 3 + (4 + -5 - -2).
4
What is 1 + -7 + 3 + -2?
-5
What is 3 - (5 - -2) - (-3 - 2)?
1
Calculate -1 + -3 - (-30 + 31).
-5
-3 - (14 - (5 - -12))
0
What is ((-6 - -4) + 1 - -6) + 0?
5
Evaluate (11 - 4) + -8 - -5.
4
Evaluate -2 + 2 + 4 - (4 + 0).
0
What is the value of -1 - -2 - 5 - -3?
-1
What is the value of -8 + -1 + 8 + -3?
-4
What is (-1 - -3) + 10 + -15?
-3
Evaluate (5 - -2 - 2) + -4 + -3.
-2
-9 + (9 - -4 - -2)
6
Calculate -9 - (3 - (-6 - (2 + -12))).
-8
(7 + -1 - 3) + 0
3
What is -8 - (-4 - (-14 + 10))?
-8
Evaluate 12 - (8 + 1 - 1).
4
Calculate -4 + 12 + (-3 - -4 - 5).
4
Calculate -8 + 5 + -2 - -7.
2
-15 + 6 + -8 + 15 + -6
-8
What is -2 - (1 + -3) - (78 + -88)?
10
What is 19 + 11 + -1 + -18?
11
Evaluate 0 + -1 - (6 + -13) - 2.
4
What is the value of -50 + 56 + (-2 - 7)?
-3
What is 11 + (-14 - (-6 - 6))?
9
Calculate -2 + 1 - 0 - (0 + -1).
0
What is -1 + (6 - 0) - 4?
1
What is the value of -2 - (-7 + (-4 - -5) - -6)?
-2
What is (2 - 1) + -4 - (13 - 13)?
-3
What is (1 - -6 - 9) + (-6 - -3)?
-5
What is the value of -4 - -10 - (5 + -2)?
3
What is the value of 4 - (-1 + 0 + 0 + 2)?
3
Evaluate 1 - (9 + -2 + -2).
-4
Evaluate -6 + (-4 + 1 - -10) - 8.
-7
9 + (-3 + 3 + -1 - 3)
5
(-17 - (6 + -19)) + (-1 - -2)
-3
Evaluate -1 - (2 - (-5 + 6) - 10).
8
Evaluate -5 + (16 - 21 - (0 - 10)).
0
Calculate -10 + 15 - (-2 + 3 - -8).
-4
16 + -12 + -4 + 2
2
Evaluate 0 - -6 - 0 - 10.
-4
0 + 0 + -2 + -14 + 14
-2
8 - 2 - (14 - 12)
4
Evaluate 5 - 0 - (-4 - (-1 - 4)).
4
What is the value of (1 - (-1 + 3) - 0) + 1?
0
Evaluate (-4 - (-8 - -5)) + 2.
1
Calculate -8 + 0 + 72 + -66.
-2
Calculate -2 - (-9 + 3) - 3.
1
What is the value of (11 - 18) + 3 + 0?
-4
What is 4 - (-18 + 12 - -12)?
-2
Evaluate 1 + (1 - (5 + -4)) + -3.
-2
What is the value of 1 + -8 - -7 - -4?
4
What is -7 + 9 + -10 + 2 + 4?
-2
Calculate -4 + (9 - (5 - -3)) - -5.
2
Evaluate 2 + 2 + -13 + 9.
0
What is the value of (1 - -2) + -3 + 3 + -2?
1
What is 21 + -7 + -1 + -7?
6
What is the value of -2 - (-1 + 4 + -3)?
-2
What is 1 - 2 - (-7 + (9 - 1))?
-2
(-5 - (-5 - 4)) + -7
-3
Calculate -5 + 5 + -3 + 6.
3
Calculate -2 + (3 - 5) + -1.
-5
What is -1 + (-1 - -4 - -1 - 7)?
-4
Evaluate 4 + (-1 - 2) + 5 + -3.
3
What is 0 - (1 + 3) - (-1 + -1)?
-2
What is -1 + -2 + (3 - 2)?
-2
Calculate (-1 - (1 - -3)) + 3.
-2
What is the value of (-1 - -7) + 1 - (3 - 1)?
5
Evaluate 0 + 8 + 14 + -18.
4
What is the value of 9 + -6 + -7 - -5?
1
-2 - (43 - 44 - (-1 - 3))
-5
What is (-4 - -6) + 4 + -2?
4
What is 0 + 3 + -11 + 5?
-3
Evaluate 5 + -2 + (1 + 2 - 5).
1
-6 + 8 - (-2 + 4) - 0
0
Evaluate 0 + 1 + 3 + -3.
1
Calculate (10 + -5 - (2 - 2)) + -2.
3
What is the value of -9 + 21 + -8 - (2 - -11)?
-9
-8 - 2 - -2 - -3
-5
7 - (2 + 9 + -5)
1
What is the value of -5 - (7 + 3 - 7)?
-8
What is the value of 84 - 84 - (-1 + 2) - 0?
-1
What is the value of 0 + 0 + 0 + 3?
3
Evaluate -2 - -2 - (-1 - (0 - 0)).
1
What is the value of 16 + -12 - (10 + -2) - -4?
0
-5 + 14 -